 + 2) + -1. Suppose b + m = -2*n + 6*n, -5*n + 3*b + l = 0. Is n composite?
True
Let z = -400 + 630. Suppose 3*o = -2*o + z. Is o a composite number?
True
Let o = -4 - -7. Is (-3)/(9/o) - -86 a composite number?
True
Let z = -47 - -1056. Is z a prime number?
True
Suppose 8*y = 3*y. Let o(b) = -7*b - 3. Let m be o(-2). Suppose 5*q + 2*c - 6 - m = y, -4*c + 19 = 5*q. Is q a prime number?
True
Let i(g) = -g**2 - 2*g - 2. Let f be i(-2). Let o = 3 - f. Suppose 12 = -2*d - 2*d, 3*y - 114 = o*d. Is y a composite number?
True
Suppose 0 = -5*h - 4*f + 5029, -f + 5053 = 5*h - 3*f. Is h a prime number?
True
Let u = -1159 + 1680. Is u a composite number?
False
Let s(g) = -g**2 - 6*g - 3. Let z be s(-6). Let w = 28 - z. Is w a prime number?
True
Is (-3 - -2)*(-7 + -126) prime?
False
Suppose 78 + 46 = -z. Let c = z + 203. Is c a prime number?
True
Suppose -3*z + 165 = -0*x + 4*x, 0 = 5*z + 5*x - 275. Let a = 25 - z. Let t = 53 + a. Is t prime?
True
Suppose 5*l = l + 636. Let i = 5 - 5. Suppose l = -i*g + 3*g. Is g a composite number?
False
Let y = -55 + -55. Is 3/(-5)*y/2 prime?
False
Suppose -5*h = -3*u - 0*h + 14726, -u - h = -4906. Is u a composite number?
True
Let r(z) = -21*z + 17. Is r(-18) composite?
True
Let s(c) = c**2 - 6*c + 5. Let b be s(4). Is (2 - -5)/(b/(-111)) a composite number?
True
Suppose 0 = -10*i + 2*i + 11512. Is i a composite number?
False
Suppose x = -11 + 15. Let r be 3/((-9)/(-24)) - 2. Is (x/r)/((-6)/(-171)) a prime number?
True
Suppose -138 + 828 = 6*s. Is s a prime number?
False
Suppose 0 = 2*d - 5542 - 340. Is d a composite number?
True
Suppose -7*l + 506 = -5*l. Is l prime?
False
Let b = 22 + -12. Let l(t) = -t + 13. Let f be l(b). Suppose 0 = -4*j - r + 189, f*j - 2*r + 6*r - 145 = 0. Is j a prime number?
True
Let w(h) = 3*h**2 - h - 1. Suppose 3*z + 2*z = 20. Let q(s) = 4*s**2 - 2*s - 2. Let l(a) = z*q(a) - 5*w(a). Is l(-8) prime?
False
Let i be ((-141)/9 - -2)*15. Let x = i + 332. Is x composite?
False
Suppose 452 = -6*b + 10*b. Is b prime?
True
Suppose 27 = -4*i + 179. Let u = 78 - i. Suppose 0 = 3*k - u - 77. Is k composite?
True
Let c be -1 - (-2 - (-9 - -1)). Let r = c + 3. Is (-75)/r - (-1)/4 a composite number?
False
Suppose -j + i - 6 = -3*j, 5*j + 5*i = 5. Suppose s = 4*c - 479, 2*c + 0*s + 4*s - 262 = 0. Suppose -j*h + 2*h + c = -5*u, -2*u = -4*h + 152. Is h prime?
True
Let a(w) = w**2. Let x(y) = -5*y**2 - 2*y. Let h(s) = -4*a(s) - x(s). Is h(-5) prime?
False
Suppose 3*w = -0*n - n + 362, 0 = -4*n + 5*w + 1397. Is n a prime number?
True
Suppose -4 + 497 = s. Is s prime?
False
Suppose -2*k + 1013 = 2*j - 1109, -4*j + k = -4244. Is j a composite number?
False
Let x(i) = -3*i + 1. Let n be x(5). Let u be (-60)/n - (-2)/(-7). Suppose u*t = 3*t + 11. Is t a composite number?
False
Let u(t) = t**2 + 3*t + 9527. Is u(0) prime?
False
Let l = -8 + 5. Let s be (-6)/(-4)*(-10)/l. Suppose 5*x + 0*x - 3*f - 187 = 0, -2*x = -s*f - 90. Is x a prime number?
False
Suppose 0 = 17*m + 2769 - 11150. Is m composite?
True
Let b be (-1)/2 - 14/(-4). Suppose 5*l + 4*a - 23 = 4*l, l - b = a. Is l a prime number?
True
Let h(b) = 0 + 3 + 3 - 16*b. Let r be h(-6). Suppose 4*j - 103 = -5*l, 4*j + 20 = 2*l + r. Is j a composite number?
True
Let g be ((-6)/9)/(2/(-447)). Suppose 7*k = 4*k + y + g, -2*y + 263 = 5*k. Is k a composite number?
True
Suppose 4*i - 391 - 453 = 0. Suppose -r - 18 = -3*h + i, -2*r = -5*h + 381. Suppose u - 197 - h = -3*f, f = 5*u + 86. Is f a prime number?
False
Let i(r) = r**3 - 8*r**2 + 3*r + 9. Suppose 0 = 2*w + 7*j - 3*j - 8, -2*j + 36 = 5*w. Is i(w) prime?
False
Let q(y) = 30*y - 7. Is q(3) a composite number?
False
Let w = -80 + 219. Is w a composite number?
False
Let a(d) = 30*d**2 - d - 6. Let i be a(5). Suppose -3*k + 381 = -2*n, 4*k - 3*n - i = -231. Is k a prime number?
True
Suppose -3*n - 2*r = -389, 4*n + 5*r - 2*r - 520 = 0. Is n a prime number?
True
Let y be 5 + 0 + -2 + 1. Suppose -5*b - 5*m = -0*m - 10, 3*m = 2*b - 4. Suppose 2*l + s - 221 = b*s, 4*s = -y*l + 472. Is l a composite number?
False
Let r(c) = -c**2 - 18*c - 2. Is r(-15) a composite number?
False
Suppose 4*s + 3*y = 4*y + 68, -5*y + 74 = 3*s. Suppose -s = 4*g - 62. Is g a prime number?
True
Let d(z) = -z**2 - 14*z + 4. Let u = 10 + -17. Is d(u) composite?
False
Let g = -615 - -1478. Is g prime?
True
Let r(g) be the first derivative of g**5/20 + 5*g**4/24 + 7*g**3/6 + g**2/2 - 2. Let d(u) be the second derivative of r(u). Is d(-6) composite?
True
Let n be (6/(-15))/((-3)/(-1770)). Let f = 207 - n. Is f prime?
True
Let c(q) = -10*q + 2. Let a be c(-5). Let p = a - -45. Is p a composite number?
False
Let n(r) = r**3 - 5*r**2 - 5*r - 1. Let h be n(6). Suppose 2*c = h*c - 165. Is c prime?
False
Suppose 9 = 5*c - 16. Suppose 0 = 4*n - 0*n - 2*g - 878, -c*g + 433 = 2*n. Is n composite?
True
Suppose k = -k + 10. Suppose -3*l - 2 + 3 = 4*g, 4*l = k*g + 22. Is g/(-3)*(-1338)/(-4) a composite number?
False
Suppose 0*v + 4*v = 1428. Let j be (-6)/15*(2 - 432). Let b = v - j. Is b prime?
False
Let r(p) = 18*p**2 + 2. Is r(2) composite?
True
Suppose -239 = -g + 78. Is g prime?
True
Suppose 319 = 3*c + 97. Is c composite?
True
Let k(g) = 9*g - 3. Is k(6) prime?
False
Let o = -474 + 2977. Is o prime?
True
Is (-15)/(75/20) - 1*-37 composite?
True
Let j(t) = t**2 - t + 2. Let d be j(2). Suppose -d*c = -4*a - 28, -3 = 3*c - 2*a - 28. Is c a prime number?
True
Let d(t) = 4*t**2 + t + 1. Let i be d(-1). Suppose -4*m + i*k = -0*k - 280, 0 = -4*k - 12. Is m a prime number?
True
Let n = 5 - 3. Suppose -n*u = -6*u + 152. Is u composite?
True
Suppose 3*w = 4*l - w - 3268, -5*l - 4*w + 4049 = 0. Is l a composite number?
True
Suppose 4*z - 5*q = 45 + 162, 0 = -3*z + 4*q + 155. Is z - -4 - (4 + 0) a composite number?
False
Let q(x) = 104*x**2 - 11*x + 1. Is q(-4) prime?
True
Suppose -732 = -4*q + c + 778, c = 5*q - 1887. Suppose -5*u + q + 47 = -w, -2*w + 87 = u. Is u prime?
False
Suppose 0 = 4*b + 2*x + 2*x - 24, 4*b - 28 = -5*x. Suppose 0 = b*i - i - 2. Suppose i = m - 0. Is m composite?
False
Suppose 5*k - 10 = 3*k, 5*a + 2*k - 485 = 0. Is a prime?
False
Let m(w) = -w**2 + 4*w - 3. Let s be m(4). Let j = 0 - s. Suppose 5*r + 94 = j*a, -6*a + a + 162 = -3*r. Is a composite?
True
Suppose -8944 = -4*x + 5076. Is x composite?
True
Let i(x) = -x**2 + 18. Let h be i(0). Suppose v = -v + h. Is v a prime number?
False
Suppose -26 = 3*a + 19. Let c = a + 46. Is c a prime number?
True
Suppose -3*n = -l - 0*n + 230, 0 = l + n - 218. Is l prime?
False
Let h = -1002 + 622. Is h/(-8) + 2/(-4) composite?
False
Suppose 0 = -2*k + 59 + 3. Is k prime?
True
Let l be 4/10 - 46/(-10). Suppose -4*n + 521 = 5*w - 207, w = -l*n + 931. Is n composite?
True
Let i(c) = -c**3 + 20*c**2 + 14*c - 27. Is i(20) a prime number?
False
Let b(q) be the second derivative of 11*q**3/6 - 2*q. Is b(7) prime?
False
Suppose 4*z - 2*u + 6 = 0, 9 = -5*z - 3*u - 15. Is (-386)/(-6) - 2/z composite?
True
Let x be 4/2 + (6 - -27). Is 3125/x + (-4)/14 composite?
False
Is (-15)/(-3) - -3637 - 1 prime?
False
Let u = -202 + 299. Is u prime?
True
Let v = -139 - -234. Is v a prime number?
False
Let l = 20 - -17. Is l a prime number?
True
Is 781 + (32/(-14) - 4/(-14)) a prime number?
False
Let l(b) = b - 2. Let z be l(7). Suppose -z*x + 610 = 3*p - 0*p, 0 = 4*x + 4*p - 496. Is x a composite number?
True
Let m(v) = -v + 6. Let k be m(7). Let b be 3 - k/(-1) - -90. Let i = 169 - b. Is i a prime number?
False
Let z = 91 - -132. Is z prime?
True
Let w = 751 + -444. Is w a prime number?
True
Suppose 0*h - 2*h = -4*x + 6, 60 = 5*h + 5*x. Let f = -4 + h. Suppose -f*b = 3*z - 57, -2*b = -5*z + 2*b + 113. Is z prime?
False
Let b = 1131 - 507. Let n = 875 - b. Is n a composite number?
False
Is 9/18 + (-525)/(-2) composite?
False
Suppose 2*h + 2 = 4*o + 18, 5*o + 6 = -h. Is 1/o - 1098/(-12) prime?
False
Let j be 0/(3 - (-2 - -4)). Suppose j = 2*l - 0*l - y - 1115, -2*l + 1117 = -3*y. Is l composite?
False
Is -3 + (-2 - -232)/5 composite?
False
Suppose c - 5*q + 17 = -3*c, 3*c + 19 = 5*q. Suppose -3*p - 67 = -2*b, -2*b - 3*p + 27 = c*p. Is b a prime number?
False
Let d be ((-3)/6)/((-3)/12). Let p = d - -49. Is p prime?
False
Is 2528/12 - ((-4)/(-6) + -1) prime?
True
Let k(b) be the third derivative of b**6/120 + 11*b**5/60 -